- 2 - 8 = 0. Let b(h) = c*n(h) - 3*v(h). Let t be 4/(-18) + (-40)/(-18). What is b(t)?
2
Let r(o) be the first derivative of 0*o + 1/3*o**3 - 2 - 1/2*o**2. Let c(t) = 5*t**2 - 9*t + 6. Let b(k) = c(k) - 6*r(k). What is b(-5)?
-4
Let g(x) = 5*x**2 - 15*x + 9. Let v(t) = 3*t**2 - 8*t + 5. Let n(b) = 4*g(b) - 7*v(b). Determine n(-6).
-11
Let g(y) = -y - 7. Suppose 0 = 5*a - 104 + 129. Determine g(a).
-2
Let f(d) = 4*d**2 + 6*d - 6. Let p(z) = z**2 + 2*z - 2. Let c(x) = 2*f(x) - 7*p(x). Calculate c(3).
5
Let i(h) be the third derivative of -h**6/24 + h**5/30 - h**4/8 + h**3/6 - 13*h**2. Determine i(1).
-5
Let v(t) = t - 5. Suppose -5*a - 4 = -2*j, -10*j + 6*j - 4*a - 48 = 0. Give v(j).
-13
Let n(d) = d**2 + d - 1. Let y = 7 - 4. Let z(g) = 8*g + 3. Let f be z(y). Let q = f + -31. Determine n(q).
11
Let h(b) = b**3 + b**2 - 3*b + 3. Let a be 7/5 + -2 - 180/75. What is h(a)?
-6
Let b(r) = -r**3 - 1. Suppose 0 = -4*t + 3*k + 444, 5*t - 2*k - 470 - 92 = 0. Let n = -113 + t. Determine b(n).
-2
Let w(g) = -g**2 + 1. Let b(q) = -3*q**2 - 9*q + 1. Let t(j) = -b(j) + 2*w(j). Determine t(-7).
-13
Let o(l) = 9*l**3 - 2*l**2 + l. Let x be 3*(-3)/((-9)/2). Let p = x - 6. Let u be (p - -1)/(-6 - -3). What is o(u)?
8
Let d = 963 - 965. Let j(n) be the second derivative of n**5/60 - n**4/24 + n**3/6 - n. Let l(g) be the second derivative of j(g). What is l(d)?
-5
Let u(b) = -4 + 4*b - 3 + 5 - 5. Calculate u(6).
17
Let l be 24/1*(105/14)/15. Let r(z) = -3*z + l*z**2 - 3*z - 11 + 2 - 13*z**2. Determine r(-6).
-9
Suppose -6 = g - 8. Let s(v) = 3*v**2 + v**g + 8 - 7 - v. Give s(1).
4
Let f(n) = 8*n**3 + 2*n**2 + 2*n + 1. Let w be 2 + -6*(-4)/24. Let j be (-24)/(-6) - (w + -1 + 3). What is f(j)?
-7
Suppose 0 = -54*y + 96 + 12. Let v(g) be the second derivative of g**4/12 - g. Give v(y).
4
Let b(i) = i**3 - i**2 - i + 1. Let u(t) = 2*t**3 - 3*t**2 - 5*t + 13. Let l(v) = 3*b(v) - u(v). Give l(0).
-10
Suppose 0 = d - 3*d + 14. Suppose 0 = -z + c - 6 + d, 5*c + 9 = 3*z. Let j(f) = f**2 - 2*f - 3. Determine j(z).
5
Let i(h) = -h - 9. Suppose 3*r - 9 = -3*v, v + 49 = 4*v - 5*r. Let g be 453/(-27) + v/(-36). Let m = 13 + g. What is i(m)?
-5
Let l(r) be the third derivative of r**6/360 - 5*r**3/2 + 23*r**2. Let f(a) be the first derivative of l(a). Calculate f(1).
1
Let o(l) be the third derivative of -l**4/24 - l**3 - 17*l**2. Let m(y) = -3*y - 13. Let t(g) = -2*m(g) + 5*o(g). Determine t(6).
2
Let c = -4 - -8. Let p(k) = -1. Let h(w) = w - 13. Suppose -2*g + 6*g = -8. Let s(v) = g*h(v) + 22*p(v). Determine s(c).
-4
Suppose 3*z - 15 = 5*j + 11, -4*j = -3*z + 28. Let p(i) = i**2 - 12*i + 3. Calculate p(z).
3
Let o(l) = -3*l**3 - l**2 - 3*l + 2. Let b(p) = 5*p**3 + 4*p**2 + 6*p - 3. Let q(m) = 4*b(m) + 7*o(m). Give q(9).
29
Let r = -109 + 106. Let w(g) = g**2 + g - 1. Let v = 0 - 1. Let n(m) = -3*m**2 - 7*m + 2. Let b(u) = v*n(u) - 4*w(u). Determine b(r).
-16
Let z(d) be the second derivative of -d**3/3 + 5*d**2/2 - 44*d - 1. Let f(x) = -2*x**2 + 2*x. Let t be f(2). What is z(t)?
13
Let s(t) = t + 1. Suppose 64 = -4*y + d + 324, 0 = d - 4. Let w = -62 + y. Determine s(w).
5
Let i(k) = -10*k + 5. Let q(l) = l**3 - 3*l**2 - l + 2. Let v be q(0). Let n(d) = -3*d + 2. Let h(a) = v*i(a) - 7*n(a). Determine h(10).
6
Let k = -4 + 7. Suppose 0*t + 3 = -k*t. Let g(c) be the first derivative of 6*c**2 - c + 1525. Give g(t).
-13
Let l(b) = b**3 - 10*b**2 + 11*b - 12. Suppose -6*o + 48 + 72 = 0. Let q = 29 - o. What is l(q)?
6
Let c(f) = -2*f**2 - f + 3. Suppose -83 = 5*s - 58. What is c(s)?
-42
Let t(v) = -7*v**2 - 2*v - 1. Let l = 58 + -55. Suppose -l*s - q - 8 = 0, 0 = -q - 6 + 1. Determine t(s).
-6
Let s(m) be the second derivative of m**5/20 - 5*m**4/12 + m**3/2 - m**2/2 - m + 276. Determine s(5).
14
Let o(w) = -w**2 + 8*w + 11. Let t(s) = -18*s + 5*s**2 - 19*s - 11 + 29*s - 4*s**2. Let d(p) = 6*o(p) + 7*t(p). Determine d(9).
-2
Let d(n) = n**3 - 3*n**2 + n - 2. Let v be (-9)/(3/(-45)*-3) - 3. Let g = 51 + v. Determine d(g).
1
Let u(z) = -z**2 - z - 1. Let a(y) = 7*y**2 + 12*y + 5. Let s(k) = a(k) + 5*u(k). Suppose -3*t = -m + 19, t + 2*m - 15 = -3*m. Give s(t).
15
Let r(l) = l**3 + 11*l**2 + 11*l - 2. Suppose -q = 5*c - 0*c - 5, -2*c = -2*q - 26. Give r(q).
-12
Let x(q) = -1. Let l(n) = 1. Let r(i) = 7*l(i) + 6*x(i). Let t(h) = 4*h - 7. Let v(s) = 5*r(s) + t(s). Let g be v(1). Let u(z) = -2*z - 2. Give u(g).
-6
Let f(j) = -1. Let b(d) = d**2 + d - 13. Let v(g) = -b(g) - f(g). What is v(4)?
-6
Let i be 0/1 + (-9 - (-1 + -11)). Let x(z) be the second derivative of -7*z + 1/6*z**i + 1/2*z**2 - 1/4*z**4 + 0. Give x(-2).
-13
Let c(p) = -14*p - 5. Let x(d) = 26*d + 12. Let g(j) = -11*c(j) - 6*x(j). Determine g(-15).
13
Let z(v) = 18*v + 1. Let w(i) = 19*i + 1. Let h(o) = -o**3 - 10*o**2 - 12*o - 20. Let r be h(-9). Let c(n) = r*z(n) - 6*w(n). Determine c(1).
13
Let q(d) = -5*d**3 + d - 1. Let x be q(1). Let l(p) = 2*p + 1. Calculate l(x).
-9
Let k(b) = -6 + 13 - 3*b**2 - 6 - b**3 + 4*b. Let c be k(-4). Let l(h) = 5*h**3 + h**2 - h + 1. Calculate l(c).
6
Suppose -3*f - 13 = 3*q - 7*q, -5*q - 2*f = -22. Let i be (q/(-28))/((-6)/42). Let m(c) = 12*c**2. What is m(i)?
12
Let n = 50 - 50. Let f(h) = -4 + n - 4 + h + 1. Let a be (-4)/5*(3 + -13). Calculate f(a).
1
Let o be 1 + 2 + (5 - 16). Let i(p) = -4*p - 12. Determine i(o).
20
Let q(u) = u**3 + 2*u**2 - u - 2. Suppose -13 = 4*r - 1. What is q(r)?
-8
Suppose -3*q + 2 - 7 = 2*r, 0 = q - 3*r - 13. Let t(z) = -q - 4 + 0*z - z. Let h be (-6)/(-21) + 176/(-28). Determine t(h).
1
Let s(i) = -13*i + i + 6*i + 38*i + 17*i. Calculate s(-1).
-49
Let m(y) be the third derivative of 0*y**3 + 1/60*y**5 + 1/8*y**4 + 0*y - y**2 + 0 + 1/180*y**6. Let x(l) be the second derivative of m(l). What is x(-2)?
-6
Let u(z) = z**3 - z + 9. Let m be (4 + -5)*(-3)/3. Let s be -4 - -2*(m - -1). What is u(s)?
9
Let o = 2986/3 + -995. Let r(h) be the first derivative of -5*h + 6 + 1/2*h**2 + o*h**3. Give r(-4).
7
Let h(t) = t**3 - 3*t**2 - 5*t + 4. Let d be (-12)/(96/(-40)) + 2/(-2). Determine h(d).
0
Let l(n) = -4*n**2 - 4*n + 3. Let s(o) = 5*o**2 + 5*o - 4. Let i(t) = -6*l(t) - 5*s(t). Suppose -3*x + 2*c + 2*c - 6 = 0, 5*c - 2 = x. What is i(x)?
0
Let b(l) = -l**3 - 6*l**2 - l - 12. Suppose -q + 22 - 28 = 0. Let z be b(q). Let a(m) = m**3 + 5*m**2 - 8*m. Calculate a(z).
12
Let x(u) = -u**2 + 4 - 1 + 4*u**2 - 4*u. Let y(z) = z**3 - 8*z**2 + 7*z + 2. Let g be y(7). Calculate x(g).
7
Let r(q) = q**2 - 1. Suppose 13*h + 6 = 11*h. Calculate r(h).
8
Let t = 15 + -15. Let p(m) be the third derivative of t*m + 1/4*m**4 + 7/6*m**3 - 1/120*m**6 + 2*m**2 + 0 - 1/12*m**5. Determine p(-6).
7
Let x(n) = -n**2 - n - 2. Let t(f) = 7*f**2 - 7*f + 27. Let l(y) = -t(y) - 6*x(y). What is l(10)?
15
Let q(m) = m**3 + 10*m**2 - 12*m - 3. Let b be q(-11). Let a(o) = b*o + o - 10*o. Calculate a(1).
-1
Let y(a) be the first derivative of 1/60*a**5 - 6 + 1/4*a**4 + 1/2*a**3 + 0*a - 3*a**2. Let x(g) be the second derivative of y(g). Determine x(-6).
3
Let y = 8 + -6. Let o(j) = -2*j**2 + 22 - 24 - 2*j**3 + y*j + 1. Determine o(1).
-3
Let u(p) = -p**2 - 6*p - 7. Suppose -3*i + 3*n = 15, 4*i - 3*i - 4*n + 20 = 0. Suppose i*v - v - 6 = 0. Determine u(v).
-7
Let m(z) be the second derivative of z**5/20 - z**4/4 - 7*z**2/2 + 3*z - 16. Calculate m(4).
9
Let i(f) = 71*f**2 + 4*f - 285*f**2 + 67*f**2 + 75*f**2 - 3 + 71*f**2. Give i(3).
0
Let m(v) = 12*v + 110. Let w = 628 - 637. What is m(w)?
2
Let x(k) = -4*k + 2. Suppose n - 29 + 5 = 0. Suppose 4*h + 18 = -i, -4*i - 7*h = -3*h + n. Determine x(i).
10
Let h be 12/72 - 13/6. Let s(k) = 8*k**2 + k - 2. Give s(h).
28
Let z(n) = -50*n + 13. Let s(f) = 33*f - 8. Let x(p) = -8*s(p) - 5*z(p). Determine x(-2).
27
Let h(y) be the third derivative of 1/60*y**5 + 23*y**2 + 0 - 1/6*y**4 + 0*y - 2/3*y**3. Calculate h(5).
1
Let x(p) be the third derivative of p**6/60 - p**5/20 + p**3/6 - p**2. Let r = 58 - 60. Let d be (-6*(-8)/(-12))/r. Give x(d).
5
Let j = 0 + 19. Suppose 0 = -j*u + 14*u - 20. Let m(v) = -2*v - 4. Determine m(u).
4
Let l(o) = -o**3 + 10*o**2 - 11*o - 9. Let g(d) = 7 + 5 - 2*d + 11. Let x be g(7). Calculate l(x).
-27
Let c(g) = g**2 - 31*g - 70. Let u be c(33). Let y(h) = h + 6. Determine y(u).
2
Let m = -433 - -438. Let d(y) be the second deri